{"id":23933,"date":"2024-07-11T14:54:05","date_gmt":"2024-07-11T12:54:05","guid":{"rendered":"https:\/\/ahorn-camp.de\/?post_type=product&#038;p=23933"},"modified":"2025-04-24T14:18:17","modified_gmt":"2025-04-24T12:18:17","slug":"box-klein","status":"publish","type":"product","link":"https:\/\/ahorn-camp.de\/it\/product\/box-klein\/","title":{"rendered":"Aufbewahrungsbox faltbar klein grau"},"content":{"rendered":"<p>Diese kompakte, faltbare Aufbewahrungsbox in elegantem Grau ist die ideale L\u00f6sung f\u00fcr eine platzsparende Organisation. Perfekt f\u00fcr kleine R\u00e4ume, l\u00e4sst sie sich bei Nichtgebrauch einfach zusammenfalten und verstauen. Durch die Praktischen Klapp\u00f6ffnungen kann man auch bei gestapelten Boxen jederzeit an den Inhalt zugreifen.<\/p>","protected":false},"excerpt":{"rendered":"<p>Diese kompakte, faltbare Aufbewahrungsbox in elegantem Grau ist die ideale L\u00f6sung f\u00fcr eine platzsparende Organisation. Perfekt f\u00fcr kleine R\u00e4ume, l\u00e4sst sie sich bei Nichtgebrauch einfach zusammenfalten und verstauen. Durch die Praktischen Klapp\u00f6ffnungen kann man auch bei gestapelten Boxen jederzeit an den Inhalt zugreifen.<\/p>","protected":false},"featured_media":23934,"template":"","meta":{"content-type":""},"product_brand":[],"product_cat":[602,606,610,605,608,604,612],"product_tag":[],"class_list":{"0":"post-23933","1":"product","2":"type-product","3":"status-publish","4":"has-post-thumbnail","6":"product_cat-zubehoer","7":"product_cat-zuebhoer-van-city","8":"product_cat-zubehoer-van-city-teil","9":"product_cat-zubehoer-van","10":"product_cat-zubehoer-van-teil","11":"product_cat-zubehoer-womo","12":"product_cat-zubehoer-womo-teil","13":"product_shipping_class-paket","15":"first","16":"instock","17":"taxable","18":"shipping-taxable","19":"purchasable","20":"product-type-simple"},"yoast_head":"<!-- This site is optimized with the Yoast SEO plugin v27.4 - https:\/\/yoast.com\/product\/yoast-seo-wordpress\/ -->\n<title>Aufbewahrungsbox faltbar klein grau - Ahorn Camp | Reisemobile und Kastenwagen<\/title>\n<meta name=\"description\" content=\"Um alle Dinge ideal zu sortieren und immer im Zugriff zu haben ist die kleine Aufbewahrungsbox der perfekte Begleiter jeder Heckgarage!\" \/>\n<meta name=\"robots\" content=\"index, follow, max-snippet:-1, max-image-preview:large, max-video-preview:-1\" \/>\n<link rel=\"canonical\" href=\"https:\/\/ahorn-camp.de\/it\/product\/box-klein\/\" \/>\n<meta property=\"og:locale\" content=\"it_IT\" \/>\n<meta property=\"og:type\" content=\"article\" \/>\n<meta property=\"og:title\" content=\"Aufbewahrungsbox faltbar klein grau - Ahorn Camp | Reisemobile und Kastenwagen\" \/>\n<meta property=\"og:description\" content=\"Um alle Dinge ideal zu sortieren und immer im Zugriff zu haben ist die kleine Aufbewahrungsbox der perfekte Begleiter jeder Heckgarage!\" \/>\n<meta property=\"og:url\" content=\"https:\/\/ahorn-camp.de\/it\/product\/box-klein\/\" \/>\n<meta property=\"og:site_name\" content=\"Ahorn Camp | Reisemobile und Kastenwagen\" \/>\n<meta property=\"article:publisher\" content=\"https:\/\/www.facebook.com\/ahorn.wohnmobile\/\" \/>\n<meta property=\"article:modified_time\" content=\"2025-04-24T12:18:17+00:00\" \/>\n<meta property=\"og:image\" content=\"https:\/\/ahorn-camp.de\/wp-content\/uploads\/2024\/07\/2129650F_medium.png\" \/>\n\t<meta property=\"og:image:width\" content=\"600\" \/>\n\t<meta property=\"og:image:height\" content=\"600\" \/>\n\t<meta property=\"og:image:type\" content=\"image\/png\" \/>\n<meta name=\"twitter:card\" content=\"summary_large_image\" \/>\n<meta name=\"twitter:label1\" content=\"Tempo di lettura stimato\" \/>\n\t<meta name=\"twitter:data1\" content=\"1 minuto\" \/>\n<script type=\"application\/ld+json\" class=\"yoast-schema-graph\">{\"@context\":\"https:\\\/\\\/schema.org\",\"@graph\":[{\"@type\":\"WebPage\",\"@id\":\"https:\\\/\\\/ahorn-camp.de\\\/product\\\/box-klein\\\/\",\"url\":\"https:\\\/\\\/ahorn-camp.de\\\/product\\\/box-klein\\\/\",\"name\":\"Aufbewahrungsbox faltbar klein grau - Ahorn Camp | Reisemobile und Kastenwagen\",\"isPartOf\":{\"@id\":\"https:\\\/\\\/ahorn-camp.de\\\/#website\"},\"primaryImageOfPage\":{\"@id\":\"https:\\\/\\\/ahorn-camp.de\\\/product\\\/box-klein\\\/#primaryimage\"},\"image\":{\"@id\":\"https:\\\/\\\/ahorn-camp.de\\\/product\\\/box-klein\\\/#primaryimage\"},\"thumbnailUrl\":\"https:\\\/\\\/ahorn-camp.de\\\/wp-content\\\/uploads\\\/2024\\\/07\\\/2129650F_medium.png\",\"datePublished\":\"2024-07-11T12:54:05+00:00\",\"dateModified\":\"2025-04-24T12:18:17+00:00\",\"description\":\"Um alle Dinge ideal zu sortieren und immer im Zugriff zu haben ist die kleine Aufbewahrungsbox der perfekte Begleiter jeder Heckgarage!\",\"breadcrumb\":{\"@id\":\"https:\\\/\\\/ahorn-camp.de\\\/product\\\/box-klein\\\/#breadcrumb\"},\"inLanguage\":\"it-IT\",\"potentialAction\":[{\"@type\":\"ReadAction\",\"target\":[\"https:\\\/\\\/ahorn-camp.de\\\/product\\\/box-klein\\\/\"]}]},{\"@type\":\"ImageObject\",\"inLanguage\":\"it-IT\",\"@id\":\"https:\\\/\\\/ahorn-camp.de\\\/product\\\/box-klein\\\/#primaryimage\",\"url\":\"https:\\\/\\\/ahorn-camp.de\\\/wp-content\\\/uploads\\\/2024\\\/07\\\/2129650F_medium.png\",\"contentUrl\":\"https:\\\/\\\/ahorn-camp.de\\\/wp-content\\\/uploads\\\/2024\\\/07\\\/2129650F_medium.png\",\"width\":600,\"height\":600,\"caption\":\"Aufbewahrungsbox klein grau\"},{\"@type\":\"BreadcrumbList\",\"@id\":\"https:\\\/\\\/ahorn-camp.de\\\/product\\\/box-klein\\\/#breadcrumb\",\"itemListElement\":[{\"@type\":\"ListItem\",\"position\":1,\"name\":\"Startseite\",\"item\":\"https:\\\/\\\/ahorn-camp.de\\\/\"},{\"@type\":\"ListItem\",\"position\":2,\"name\":\"Merchandise-Shop\",\"item\":\"https:\\\/\\\/ahorn-camp.de\\\/merchandise-shop\\\/\"},{\"@type\":\"ListItem\",\"position\":3,\"name\":\"Aufbewahrungsbox faltbar klein grau\"}]},{\"@type\":\"WebSite\",\"@id\":\"https:\\\/\\\/ahorn-camp.de\\\/#website\",\"url\":\"https:\\\/\\\/ahorn-camp.de\\\/\",\"name\":\"Ahorn Camp | Reisemobile und Kastenwagen\",\"description\":\"Seit \u00fcber 30 Jahren vermarktet das Familienunternehmen, Ahorn Camp in Speyer, erfolgreich Wohnmobile und Kastenwagen zum besten Preis-Leistungsverh\u00e4ltnis.\",\"publisher\":{\"@id\":\"https:\\\/\\\/ahorn-camp.de\\\/#organization\"},\"potentialAction\":[{\"@type\":\"SearchAction\",\"target\":{\"@type\":\"EntryPoint\",\"urlTemplate\":\"https:\\\/\\\/ahorn-camp.de\\\/?s={search_term_string}\"},\"query-input\":{\"@type\":\"PropertyValueSpecification\",\"valueRequired\":true,\"valueName\":\"search_term_string\"}}],\"inLanguage\":\"it-IT\"},{\"@type\":\"Organization\",\"@id\":\"https:\\\/\\\/ahorn-camp.de\\\/#organization\",\"name\":\"Ahorn Camp GmbH & Co. KG\",\"url\":\"https:\\\/\\\/ahorn-camp.de\\\/\",\"logo\":{\"@type\":\"ImageObject\",\"inLanguage\":\"it-IT\",\"@id\":\"https:\\\/\\\/ahorn-camp.de\\\/#\\\/schema\\\/logo\\\/image\\\/\",\"url\":\"https:\\\/\\\/ahorn-camp.de\\\/wp-content\\\/uploads\\\/2018\\\/12\\\/Ahorn_Logo.jpg\",\"contentUrl\":\"https:\\\/\\\/ahorn-camp.de\\\/wp-content\\\/uploads\\\/2018\\\/12\\\/Ahorn_Logo.jpg\",\"width\":1437,\"height\":1000,\"caption\":\"Ahorn Camp GmbH & Co. KG\"},\"image\":{\"@id\":\"https:\\\/\\\/ahorn-camp.de\\\/#\\\/schema\\\/logo\\\/image\\\/\"},\"sameAs\":[\"https:\\\/\\\/www.facebook.com\\\/ahorn.wohnmobile\\\/\",\"https:\\\/\\\/www.instagram.com\\\/ahorn.camp\\\/\",\"https:\\\/\\\/www.youtube.com\\\/channel\\\/UCPFbPCts1JJ_A1k9vyH0yOQ\"]}]}<\/script>\n<!-- \/ Yoast SEO plugin. -->","yoast_head_json":{"title":"Aufbewahrungsbox faltbar klein grau - Ahorn Camp | Reisemobile und Kastenwagen","description":"Um alle Dinge ideal zu sortieren und immer im Zugriff zu haben ist die kleine Aufbewahrungsbox der perfekte Begleiter jeder Heckgarage!","robots":{"index":"index","follow":"follow","max-snippet":"max-snippet:-1","max-image-preview":"max-image-preview:large","max-video-preview":"max-video-preview:-1"},"canonical":"https:\/\/ahorn-camp.de\/it\/product\/box-klein\/","og_locale":"it_IT","og_type":"article","og_title":"Aufbewahrungsbox faltbar klein grau - Ahorn Camp | Reisemobile und Kastenwagen","og_description":"Um alle Dinge ideal zu sortieren und immer im Zugriff zu haben ist die kleine Aufbewahrungsbox der perfekte Begleiter jeder Heckgarage!","og_url":"https:\/\/ahorn-camp.de\/it\/product\/box-klein\/","og_site_name":"Ahorn Camp | Reisemobile und Kastenwagen","article_publisher":"https:\/\/www.facebook.com\/ahorn.wohnmobile\/","article_modified_time":"2025-04-24T12:18:17+00:00","og_image":[{"width":600,"height":600,"url":"https:\/\/ahorn-camp.de\/wp-content\/uploads\/2024\/07\/2129650F_medium.png","type":"image\/png"}],"twitter_card":"summary_large_image","twitter_misc":{"Tempo di lettura stimato":"1 minuto"},"schema":{"@context":"https:\/\/schema.org","@graph":[{"@type":"WebPage","@id":"https:\/\/ahorn-camp.de\/product\/box-klein\/","url":"https:\/\/ahorn-camp.de\/product\/box-klein\/","name":"Aufbewahrungsbox faltbar klein grau - Ahorn Camp | Reisemobile und Kastenwagen","isPartOf":{"@id":"https:\/\/ahorn-camp.de\/#website"},"primaryImageOfPage":{"@id":"https:\/\/ahorn-camp.de\/product\/box-klein\/#primaryimage"},"image":{"@id":"https:\/\/ahorn-camp.de\/product\/box-klein\/#primaryimage"},"thumbnailUrl":"https:\/\/ahorn-camp.de\/wp-content\/uploads\/2024\/07\/2129650F_medium.png","datePublished":"2024-07-11T12:54:05+00:00","dateModified":"2025-04-24T12:18:17+00:00","description":"Um alle Dinge ideal zu sortieren und immer im Zugriff zu haben ist die kleine Aufbewahrungsbox der perfekte Begleiter jeder Heckgarage!","breadcrumb":{"@id":"https:\/\/ahorn-camp.de\/product\/box-klein\/#breadcrumb"},"inLanguage":"it-IT","potentialAction":[{"@type":"ReadAction","target":["https:\/\/ahorn-camp.de\/product\/box-klein\/"]}]},{"@type":"ImageObject","inLanguage":"it-IT","@id":"https:\/\/ahorn-camp.de\/product\/box-klein\/#primaryimage","url":"https:\/\/ahorn-camp.de\/wp-content\/uploads\/2024\/07\/2129650F_medium.png","contentUrl":"https:\/\/ahorn-camp.de\/wp-content\/uploads\/2024\/07\/2129650F_medium.png","width":600,"height":600,"caption":"Aufbewahrungsbox klein grau"},{"@type":"BreadcrumbList","@id":"https:\/\/ahorn-camp.de\/product\/box-klein\/#breadcrumb","itemListElement":[{"@type":"ListItem","position":1,"name":"Startseite","item":"https:\/\/ahorn-camp.de\/"},{"@type":"ListItem","position":2,"name":"Merchandise-Shop","item":"https:\/\/ahorn-camp.de\/merchandise-shop\/"},{"@type":"ListItem","position":3,"name":"Aufbewahrungsbox faltbar klein grau"}]},{"@type":"WebSite","@id":"https:\/\/ahorn-camp.de\/#website","url":"https:\/\/ahorn-camp.de\/","name":"Ahorn Camp | Camper e furgonati","description":"Da oltre 30 anni l'azienda a conduzione familiare, Ahorn Camp a Speyer, commercializza con successo camper e furgoni al miglior rapporto qualit\u00e0-prezzo.","publisher":{"@id":"https:\/\/ahorn-camp.de\/#organization"},"potentialAction":[{"@type":"SearchAction","target":{"@type":"EntryPoint","urlTemplate":"https:\/\/ahorn-camp.de\/?s={search_term_string}"},"query-input":{"@type":"PropertyValueSpecification","valueRequired":true,"valueName":"search_term_string"}}],"inLanguage":"it-IT"},{"@type":"Organization","@id":"https:\/\/ahorn-camp.de\/#organization","name":"Ahorn Camp GmbH &amp; Co. KG","url":"https:\/\/ahorn-camp.de\/","logo":{"@type":"ImageObject","inLanguage":"it-IT","@id":"https:\/\/ahorn-camp.de\/#\/schema\/logo\/image\/","url":"https:\/\/ahorn-camp.de\/wp-content\/uploads\/2018\/12\/Ahorn_Logo.jpg","contentUrl":"https:\/\/ahorn-camp.de\/wp-content\/uploads\/2018\/12\/Ahorn_Logo.jpg","width":1437,"height":1000,"caption":"Ahorn Camp GmbH & Co. KG"},"image":{"@id":"https:\/\/ahorn-camp.de\/#\/schema\/logo\/image\/"},"sameAs":["https:\/\/www.facebook.com\/ahorn.wohnmobile\/","https:\/\/www.instagram.com\/ahorn.camp\/","https:\/\/www.youtube.com\/channel\/UCPFbPCts1JJ_A1k9vyH0yOQ"]}]}},"_links":{"self":[{"href":"https:\/\/ahorn-camp.de\/it\/wp-json\/wp\/v2\/product\/23933","targetHints":{"allow":["GET"]}}],"collection":[{"href":"https:\/\/ahorn-camp.de\/it\/wp-json\/wp\/v2\/product"}],"about":[{"href":"https:\/\/ahorn-camp.de\/it\/wp-json\/wp\/v2\/types\/product"}],"wp:featuredmedia":[{"embeddable":true,"href":"https:\/\/ahorn-camp.de\/it\/wp-json\/wp\/v2\/media\/23934"}],"wp:attachment":[{"href":"https:\/\/ahorn-camp.de\/it\/wp-json\/wp\/v2\/media?parent=23933"}],"wp:term":[{"taxonomy":"product_brand","embeddable":true,"href":"https:\/\/ahorn-camp.de\/it\/wp-json\/wp\/v2\/product_brand?post=23933"},{"taxonomy":"product_cat","embeddable":true,"href":"https:\/\/ahorn-camp.de\/it\/wp-json\/wp\/v2\/product_cat?post=23933"},{"taxonomy":"product_tag","embeddable":true,"href":"https:\/\/ahorn-camp.de\/it\/wp-json\/wp\/v2\/product_tag?post=23933"}],"curies":[{"name":"wp","href":"https:\/\/api.w.org\/{rel}","templated":true}]}}

<p>Diese kompakte, faltbare Aufbewahrungsbox in elegantem Grau ist die ideale Lösung für eine platzsparende Organisation. Perfekt für kleine Räume, lässt sie sich bei Nichtgebrauch einfach zusammenfalten und verstauen. Durch die Praktischen Klappöffnungen kann man auch bei gestapelten Boxen jederzeit an den Inhalt zugreifen.</p>

<!-- This site is optimized with the Yoast SEO plugin v27.4 - https://yoast.com/product/yoast-seo-wordpress/ -->
<title>Aufbewahrungsbox faltbar klein grau - Ahorn Camp | Reisemobile und Kastenwagen</title>
<meta name="description" content="Um alle Dinge ideal zu sortieren und immer im Zugriff zu haben ist die kleine Aufbewahrungsbox der perfekte Begleiter jeder Heckgarage!" />
<meta name="robots" content="index, follow, max-snippet:-1, max-image-preview:large, max-video-preview:-1" />
<link rel="canonical" href="https://ahorn-camp.de/it/product/box-klein/" />
<meta property="og:locale" content="it_IT" />
<meta property="og:type" content="article" />
<meta property="og:title" content="Aufbewahrungsbox faltbar klein grau - Ahorn Camp | Reisemobile und Kastenwagen" />
<meta property="og:description" content="Um alle Dinge ideal zu sortieren und immer im Zugriff zu haben ist die kleine Aufbewahrungsbox der perfekte Begleiter jeder Heckgarage!" />
<meta property="og:url" content="https://ahorn-camp.de/it/product/box-klein/" />
<meta property="og:site_name" content="Ahorn Camp | Reisemobile und Kastenwagen" />
<meta property="article:publisher" content="https://www.facebook.com/ahorn.wohnmobile/" />
<meta property="article:modified_time" content="2025-04-24T12:18:17+00:00" />
<meta property="og:image" content="https://ahorn-camp.de/wp-content/uploads/2024/07/2129650F_medium.png" />
	<meta property="og:image:width" content="600" />
	<meta property="og:image:height" content="600" />
	<meta property="og:image:type" content="image/png" />
<meta name="twitter:card" content="summary_large_image" />
<meta name="twitter:label1" content="Tempo di lettura stimato" />
	<meta name="twitter:data1" content="1 minuto" />
<script type="application/ld+json" class="yoast-schema-graph">{"@context":"https:\/\/schema.org","@graph":[{"@type":"WebPage","@id":"https:\/\/ahorn-camp.de\/product\/box-klein\/","url":"https:\/\/ahorn-camp.de\/product\/box-klein\/","name":"Aufbewahrungsbox faltbar klein grau - Ahorn Camp | Reisemobile und Kastenwagen","isPartOf":{"@id":"https:\/\/ahorn-camp.de\/#website"},"primaryImageOfPage":{"@id":"https:\/\/ahorn-camp.de\/product\/box-klein\/#primaryimage"},"image":{"@id":"https:\/\/ahorn-camp.de\/product\/box-klein\/#primaryimage"},"thumbnailUrl":"https:\/\/ahorn-camp.de\/wp-content\/uploads\/2024\/07\/2129650F_medium.png","datePublished":"2024-07-11T12:54:05+00:00","dateModified":"2025-04-24T12:18:17+00:00","description":"Um alle Dinge ideal zu sortieren und immer im Zugriff zu haben ist die kleine Aufbewahrungsbox der perfekte Begleiter jeder Heckgarage!","breadcrumb":{"@id":"https:\/\/ahorn-camp.de\/product\/box-klein\/#breadcrumb"},"inLanguage":"it-IT","potentialAction":[{"@type":"ReadAction","target":["https:\/\/ahorn-camp.de\/product\/box-klein\/"]}]},{"@type":"ImageObject","inLanguage":"it-IT","@id":"https:\/\/ahorn-camp.de\/product\/box-klein\/#primaryimage","url":"https:\/\/ahorn-camp.de\/wp-content\/uploads\/2024\/07\/2129650F_medium.png","contentUrl":"https:\/\/ahorn-camp.de\/wp-content\/uploads\/2024\/07\/2129650F_medium.png","width":600,"height":600,"caption":"Aufbewahrungsbox klein grau"},{"@type":"BreadcrumbList","@id":"https:\/\/ahorn-camp.de\/product\/box-klein\/#breadcrumb","itemListElement":[{"@type":"ListItem","position":1,"name":"Startseite","item":"https:\/\/ahorn-camp.de\/"},{"@type":"ListItem","position":2,"name":"Merchandise-Shop","item":"https:\/\/ahorn-camp.de\/merchandise-shop\/"},{"@type":"ListItem","position":3,"name":"Aufbewahrungsbox faltbar klein grau"}]},{"@type":"WebSite","@id":"https:\/\/ahorn-camp.de\/#website","url":"https:\/\/ahorn-camp.de\/","name":"Ahorn Camp | Reisemobile und Kastenwagen","description":"Seit über 30 Jahren vermarktet das Familienunternehmen, Ahorn Camp in Speyer, erfolgreich Wohnmobile und Kastenwagen zum besten Preis-Leistungsverhältnis.","publisher":{"@id":"https:\/\/ahorn-camp.de\/#organization"},"potentialAction":[{"@type":"SearchAction","target":{"@type":"EntryPoint","urlTemplate":"https:\/\/ahorn-camp.de\/?s={search_term_string}"},"query-input":{"@type":"PropertyValueSpecification","valueRequired":true,"valueName":"search_term_string"}}],"inLanguage":"it-IT"},{"@type":"Organization","@id":"https:\/\/ahorn-camp.de\/#organization","name":"Ahorn Camp GmbH & Co. KG","url":"https:\/\/ahorn-camp.de\/","logo":{"@type":"ImageObject","inLanguage":"it-IT","@id":"https:\/\/ahorn-camp.de\/#\/schema\/logo\/image\/","url":"https:\/\/ahorn-camp.de\/wp-content\/uploads\/2018\/12\/Ahorn_Logo.jpg","contentUrl":"https:\/\/ahorn-camp.de\/wp-content\/uploads\/2018\/12\/Ahorn_Logo.jpg","width":1437,"height":1000,"caption":"Ahorn Camp GmbH & Co. KG"},"image":{"@id":"https:\/\/ahorn-camp.de\/#\/schema\/logo\/image\/"},"sameAs":["https:\/\/www.facebook.com\/ahorn.wohnmobile\/","https:\/\/www.instagram.com\/ahorn.camp\/","https:\/\/www.youtube.com\/channel\/UCPFbPCts1JJ_A1k9vyH0yOQ"]}]}</script>
<!-- / Yoast SEO plugin. -->

Da oltre 30 anni l'azienda a conduzione familiare, Ahorn Camp a Speyer, commercializza con successo camper e furgoni al miglior rapporto qualità-prezzo.
