{"id":23987,"date":"2024-07-12T11:36:53","date_gmt":"2024-07-12T09:36:53","guid":{"rendered":"https:\/\/ahorn-camp.de\/?post_type=product&#038;p=23987"},"modified":"2024-11-15T15:51:00","modified_gmt":"2024-11-15T14:51:00","slug":"silla-como-beige","status":"publish","type":"product","link":"https:\/\/ahorn-camp.de\/es\/product\/stuhl-como-beige\/","title":{"rendered":"Silla de camping, color beige suave, respaldo ajustable"},"content":{"rendered":"<p>Silla de camping c\u00f3moda y de alta calidad con respaldo ajustable, acolchado confortable y ligero marco de aluminio. La tela de poli\u00e9ster de secado r\u00e1pido es resistente al agua y a los rayos UV. F\u00e1cil de plegar e ideal para actividades al aire libre.<\/p>","protected":false},"excerpt":{"rendered":"<p>Silla de camping c\u00f3moda y de alta calidad con respaldo ajustable, acolchado confortable y ligero marco de aluminio. La tela de poli\u00e9ster de secado r\u00e1pido es resistente al agua y a los rayos UV. F\u00e1cil de plegar e ideal para actividades al aire libre.<\/p>","protected":false},"featured_media":23988,"template":"","meta":{"content-type":""},"product_brand":[],"product_cat":[602,606,610,605,608,604,612],"product_tag":[],"class_list":{"0":"post-23987","1":"product","2":"type-product","3":"status-publish","4":"has-post-thumbnail","6":"product_cat-zubehoer","7":"product_cat-zuebhoer-van-city","8":"product_cat-zubehoer-van-city-teil","9":"product_cat-zubehoer-van","10":"product_cat-zubehoer-van-teil","11":"product_cat-zubehoer-womo","12":"product_cat-zubehoer-womo-teil","13":"product_shipping_class-sperrgut","15":"first","16":"instock","17":"taxable","18":"shipping-taxable","19":"purchasable","20":"product-type-simple"},"yoast_head":"<!-- This site is optimized with the Yoast SEO plugin v27.4 - https:\/\/yoast.com\/product\/yoast-seo-wordpress\/ -->\n<title>Campingsessel Como verstellbar soft beige - Ahorn Camp | Reisemobile und Kastenwagen<\/title>\n<meta name=\"description\" content=\"Der Como ist ein leichter Campingstuhl mit robustem Aluminiumgestell, schnell trocknender Polsterung, wasser- und UV-best\u00e4ndig. Ideal im Camper!\" \/>\n<meta name=\"robots\" content=\"index, follow, max-snippet:-1, max-image-preview:large, max-video-preview:-1\" \/>\n<link rel=\"canonical\" href=\"https:\/\/ahorn-camp.de\/es\/product\/silla-como-beige\/\" \/>\n<meta property=\"og:locale\" content=\"es_ES\" \/>\n<meta property=\"og:type\" content=\"article\" \/>\n<meta property=\"og:title\" content=\"Campingsessel Como verstellbar soft beige - Ahorn Camp | Reisemobile und Kastenwagen\" \/>\n<meta property=\"og:description\" content=\"Der Como ist ein leichter Campingstuhl mit robustem Aluminiumgestell, schnell trocknender Polsterung, wasser- und UV-best\u00e4ndig. Ideal im Camper!\" \/>\n<meta property=\"og:url\" content=\"https:\/\/ahorn-camp.de\/es\/product\/silla-como-beige\/\" \/>\n<meta property=\"og:site_name\" content=\"Ahorn Camp | Reisemobile und Kastenwagen\" \/>\n<meta property=\"article:publisher\" content=\"https:\/\/www.facebook.com\/ahorn.wohnmobile\/\" \/>\n<meta property=\"article:modified_time\" content=\"2024-11-15T14:51:00+00:00\" \/>\n<meta property=\"og:image\" content=\"https:\/\/ahorn-camp.de\/wp-content\/uploads\/2024\/07\/2130480F-02_medium.png\" \/>\n\t<meta property=\"og:image:width\" content=\"600\" \/>\n\t<meta property=\"og:image:height\" content=\"600\" \/>\n\t<meta property=\"og:image:type\" content=\"image\/png\" \/>\n<meta name=\"twitter:card\" content=\"summary_large_image\" \/>\n<meta name=\"twitter:label1\" content=\"Tiempo de lectura\" \/>\n\t<meta name=\"twitter:data1\" content=\"1 minuto\" \/>\n<script type=\"application\/ld+json\" class=\"yoast-schema-graph\">{\"@context\":\"https:\\\/\\\/schema.org\",\"@graph\":[{\"@type\":\"WebPage\",\"@id\":\"https:\\\/\\\/ahorn-camp.de\\\/product\\\/stuhl-como-beige\\\/\",\"url\":\"https:\\\/\\\/ahorn-camp.de\\\/product\\\/stuhl-como-beige\\\/\",\"name\":\"Campingsessel Como verstellbar soft beige - Ahorn Camp | Reisemobile und Kastenwagen\",\"isPartOf\":{\"@id\":\"https:\\\/\\\/ahorn-camp.de\\\/#website\"},\"primaryImageOfPage\":{\"@id\":\"https:\\\/\\\/ahorn-camp.de\\\/product\\\/stuhl-como-beige\\\/#primaryimage\"},\"image\":{\"@id\":\"https:\\\/\\\/ahorn-camp.de\\\/product\\\/stuhl-como-beige\\\/#primaryimage\"},\"thumbnailUrl\":\"https:\\\/\\\/ahorn-camp.de\\\/wp-content\\\/uploads\\\/2024\\\/07\\\/2130480F-02_medium.png\",\"datePublished\":\"2024-07-12T09:36:53+00:00\",\"dateModified\":\"2024-11-15T14:51:00+00:00\",\"description\":\"Der Como ist ein leichter Campingstuhl mit robustem Aluminiumgestell, schnell trocknender Polsterung, wasser- und UV-best\u00e4ndig. Ideal im Camper!\",\"breadcrumb\":{\"@id\":\"https:\\\/\\\/ahorn-camp.de\\\/product\\\/stuhl-como-beige\\\/#breadcrumb\"},\"inLanguage\":\"es\",\"potentialAction\":[{\"@type\":\"ReadAction\",\"target\":[\"https:\\\/\\\/ahorn-camp.de\\\/product\\\/stuhl-como-beige\\\/\"]}]},{\"@type\":\"ImageObject\",\"inLanguage\":\"es\",\"@id\":\"https:\\\/\\\/ahorn-camp.de\\\/product\\\/stuhl-como-beige\\\/#primaryimage\",\"url\":\"https:\\\/\\\/ahorn-camp.de\\\/wp-content\\\/uploads\\\/2024\\\/07\\\/2130480F-02_medium.png\",\"contentUrl\":\"https:\\\/\\\/ahorn-camp.de\\\/wp-content\\\/uploads\\\/2024\\\/07\\\/2130480F-02_medium.png\",\"width\":600,\"height\":600,\"caption\":\"Campingstuhl Como beige\"},{\"@type\":\"BreadcrumbList\",\"@id\":\"https:\\\/\\\/ahorn-camp.de\\\/product\\\/stuhl-como-beige\\\/#breadcrumb\",\"itemListElement\":[{\"@type\":\"ListItem\",\"position\":1,\"name\":\"Startseite\",\"item\":\"https:\\\/\\\/ahorn-camp.de\\\/\"},{\"@type\":\"ListItem\",\"position\":2,\"name\":\"Merchandise-Shop\",\"item\":\"https:\\\/\\\/ahorn-camp.de\\\/merchandise-shop\\\/\"},{\"@type\":\"ListItem\",\"position\":3,\"name\":\"Campingsessel Como verstellbar soft beige\"}]},{\"@type\":\"WebSite\",\"@id\":\"https:\\\/\\\/ahorn-camp.de\\\/#website\",\"url\":\"https:\\\/\\\/ahorn-camp.de\\\/\",\"name\":\"Ahorn Camp | Reisemobile und Kastenwagen\",\"description\":\"Seit \u00fcber 30 Jahren vermarktet das Familienunternehmen, Ahorn Camp in Speyer, erfolgreich Wohnmobile und Kastenwagen zum besten Preis-Leistungsverh\u00e4ltnis.\",\"publisher\":{\"@id\":\"https:\\\/\\\/ahorn-camp.de\\\/#organization\"},\"potentialAction\":[{\"@type\":\"SearchAction\",\"target\":{\"@type\":\"EntryPoint\",\"urlTemplate\":\"https:\\\/\\\/ahorn-camp.de\\\/?s={search_term_string}\"},\"query-input\":{\"@type\":\"PropertyValueSpecification\",\"valueRequired\":true,\"valueName\":\"search_term_string\"}}],\"inLanguage\":\"es\"},{\"@type\":\"Organization\",\"@id\":\"https:\\\/\\\/ahorn-camp.de\\\/#organization\",\"name\":\"Ahorn Camp GmbH & Co. KG\",\"url\":\"https:\\\/\\\/ahorn-camp.de\\\/\",\"logo\":{\"@type\":\"ImageObject\",\"inLanguage\":\"es\",\"@id\":\"https:\\\/\\\/ahorn-camp.de\\\/#\\\/schema\\\/logo\\\/image\\\/\",\"url\":\"https:\\\/\\\/ahorn-camp.de\\\/wp-content\\\/uploads\\\/2018\\\/12\\\/Ahorn_Logo.jpg\",\"contentUrl\":\"https:\\\/\\\/ahorn-camp.de\\\/wp-content\\\/uploads\\\/2018\\\/12\\\/Ahorn_Logo.jpg\",\"width\":1437,\"height\":1000,\"caption\":\"Ahorn Camp GmbH & Co. KG\"},\"image\":{\"@id\":\"https:\\\/\\\/ahorn-camp.de\\\/#\\\/schema\\\/logo\\\/image\\\/\"},\"sameAs\":[\"https:\\\/\\\/www.facebook.com\\\/ahorn.wohnmobile\\\/\",\"https:\\\/\\\/www.instagram.com\\\/ahorn.camp\\\/\",\"https:\\\/\\\/www.youtube.com\\\/channel\\\/UCPFbPCts1JJ_A1k9vyH0yOQ\"]}]}<\/script>\n<!-- \/ Yoast SEO plugin. -->","yoast_head_json":{"title":"Silla de camping Como ajustable beige suave - Ahorn Camp | Autocaravanas y furgonetas camper","description":"La Der Como es una silla de camping ligera con un robusto marco de aluminio, acolchado de secado r\u00e1pido, resistente al agua y a los rayos UV. \u00a1Ideal en la caravana!","robots":{"index":"index","follow":"follow","max-snippet":"max-snippet:-1","max-image-preview":"max-image-preview:large","max-video-preview":"max-video-preview:-1"},"canonical":"https:\/\/ahorn-camp.de\/es\/product\/silla-como-beige\/","og_locale":"es_ES","og_type":"article","og_title":"Campingsessel Como verstellbar soft beige - Ahorn Camp | Reisemobile und Kastenwagen","og_description":"Der Como ist ein leichter Campingstuhl mit robustem Aluminiumgestell, schnell trocknender Polsterung, wasser- und UV-best\u00e4ndig. Ideal im Camper!","og_url":"https:\/\/ahorn-camp.de\/es\/product\/silla-como-beige\/","og_site_name":"Ahorn Camp | Reisemobile und Kastenwagen","article_publisher":"https:\/\/www.facebook.com\/ahorn.wohnmobile\/","article_modified_time":"2024-11-15T14:51:00+00:00","og_image":[{"width":600,"height":600,"url":"https:\/\/ahorn-camp.de\/wp-content\/uploads\/2024\/07\/2130480F-02_medium.png","type":"image\/png"}],"twitter_card":"summary_large_image","twitter_misc":{"Tiempo de lectura":"1 minuto"},"schema":{"@context":"https:\/\/schema.org","@graph":[{"@type":"WebPage","@id":"https:\/\/ahorn-camp.de\/product\/stuhl-como-beige\/","url":"https:\/\/ahorn-camp.de\/product\/stuhl-como-beige\/","name":"Silla de camping Como ajustable beige suave - Ahorn Camp | Autocaravanas y furgonetas camper","isPartOf":{"@id":"https:\/\/ahorn-camp.de\/#website"},"primaryImageOfPage":{"@id":"https:\/\/ahorn-camp.de\/product\/stuhl-como-beige\/#primaryimage"},"image":{"@id":"https:\/\/ahorn-camp.de\/product\/stuhl-como-beige\/#primaryimage"},"thumbnailUrl":"https:\/\/ahorn-camp.de\/wp-content\/uploads\/2024\/07\/2130480F-02_medium.png","datePublished":"2024-07-12T09:36:53+00:00","dateModified":"2024-11-15T14:51:00+00:00","description":"La Der Como es una silla de camping ligera con un robusto marco de aluminio, acolchado de secado r\u00e1pido, resistente al agua y a los rayos UV. \u00a1Ideal en la caravana!","breadcrumb":{"@id":"https:\/\/ahorn-camp.de\/product\/stuhl-como-beige\/#breadcrumb"},"inLanguage":"es","potentialAction":[{"@type":"ReadAction","target":["https:\/\/ahorn-camp.de\/product\/stuhl-como-beige\/"]}]},{"@type":"ImageObject","inLanguage":"es","@id":"https:\/\/ahorn-camp.de\/product\/stuhl-como-beige\/#primaryimage","url":"https:\/\/ahorn-camp.de\/wp-content\/uploads\/2024\/07\/2130480F-02_medium.png","contentUrl":"https:\/\/ahorn-camp.de\/wp-content\/uploads\/2024\/07\/2130480F-02_medium.png","width":600,"height":600,"caption":"Campingstuhl Como beige"},{"@type":"BreadcrumbList","@id":"https:\/\/ahorn-camp.de\/product\/stuhl-como-beige\/#breadcrumb","itemListElement":[{"@type":"ListItem","position":1,"name":"Startseite","item":"https:\/\/ahorn-camp.de\/"},{"@type":"ListItem","position":2,"name":"Merchandise-Shop","item":"https:\/\/ahorn-camp.de\/merchandise-shop\/"},{"@type":"ListItem","position":3,"name":"Campingsessel Como verstellbar soft beige"}]},{"@type":"WebSite","@id":"https:\/\/ahorn-camp.de\/#website","url":"https:\/\/ahorn-camp.de\/","name":"Ahorn Camp | Autocaravanas y furgonetas camper","description":"Desde hace m\u00e1s de 30 a\u00f1os, la empresa familiar, Ahorn Camp en Speyer, comercializa con \u00e9xito caravanas y furgonetas camper a la mejor relaci\u00f3n calidad-precio.","publisher":{"@id":"https:\/\/ahorn-camp.de\/#organization"},"potentialAction":[{"@type":"SearchAction","target":{"@type":"EntryPoint","urlTemplate":"https:\/\/ahorn-camp.de\/?s={search_term_string}"},"query-input":{"@type":"PropertyValueSpecification","valueRequired":true,"valueName":"search_term_string"}}],"inLanguage":"es"},{"@type":"Organization","@id":"https:\/\/ahorn-camp.de\/#organization","name":"Ahorn Camp GmbH &amp; Co. KG","url":"https:\/\/ahorn-camp.de\/","logo":{"@type":"ImageObject","inLanguage":"es","@id":"https:\/\/ahorn-camp.de\/#\/schema\/logo\/image\/","url":"https:\/\/ahorn-camp.de\/wp-content\/uploads\/2018\/12\/Ahorn_Logo.jpg","contentUrl":"https:\/\/ahorn-camp.de\/wp-content\/uploads\/2018\/12\/Ahorn_Logo.jpg","width":1437,"height":1000,"caption":"Ahorn Camp GmbH & Co. KG"},"image":{"@id":"https:\/\/ahorn-camp.de\/#\/schema\/logo\/image\/"},"sameAs":["https:\/\/www.facebook.com\/ahorn.wohnmobile\/","https:\/\/www.instagram.com\/ahorn.camp\/","https:\/\/www.youtube.com\/channel\/UCPFbPCts1JJ_A1k9vyH0yOQ"]}]}},"_links":{"self":[{"href":"https:\/\/ahorn-camp.de\/es\/wp-json\/wp\/v2\/product\/23987","targetHints":{"allow":["GET"]}}],"collection":[{"href":"https:\/\/ahorn-camp.de\/es\/wp-json\/wp\/v2\/product"}],"about":[{"href":"https:\/\/ahorn-camp.de\/es\/wp-json\/wp\/v2\/types\/product"}],"wp:featuredmedia":[{"embeddable":true,"href":"https:\/\/ahorn-camp.de\/es\/wp-json\/wp\/v2\/media\/23988"}],"wp:attachment":[{"href":"https:\/\/ahorn-camp.de\/es\/wp-json\/wp\/v2\/media?parent=23987"}],"wp:term":[{"taxonomy":"product_brand","embeddable":true,"href":"https:\/\/ahorn-camp.de\/es\/wp-json\/wp\/v2\/product_brand?post=23987"},{"taxonomy":"product_cat","embeddable":true,"href":"https:\/\/ahorn-camp.de\/es\/wp-json\/wp\/v2\/product_cat?post=23987"},{"taxonomy":"product_tag","embeddable":true,"href":"https:\/\/ahorn-camp.de\/es\/wp-json\/wp\/v2\/product_tag?post=23987"}],"curies":[{"name":"wp","href":"https:\/\/api.w.org\/{rel}","templated":true}]}}

<p>Silla de camping cómoda y de alta calidad con respaldo ajustable, acolchado confortable y ligero marco de aluminio. La tela de poliéster de secado rápido es resistente al agua y a los rayos UV. Fácil de plegar e ideal para actividades al aire libre.</p>

<!-- This site is optimized with the Yoast SEO plugin v27.4 - https://yoast.com/product/yoast-seo-wordpress/ -->
<title>Campingsessel Como verstellbar soft beige - Ahorn Camp | Reisemobile und Kastenwagen</title>
<meta name="description" content="Der Como ist ein leichter Campingstuhl mit robustem Aluminiumgestell, schnell trocknender Polsterung, wasser- und UV-beständig. Ideal im Camper!" />
<meta name="robots" content="index, follow, max-snippet:-1, max-image-preview:large, max-video-preview:-1" />
<link rel="canonical" href="https://ahorn-camp.de/es/product/silla-como-beige/" />
<meta property="og:locale" content="es_ES" />
<meta property="og:type" content="article" />
<meta property="og:title" content="Campingsessel Como verstellbar soft beige - Ahorn Camp | Reisemobile und Kastenwagen" />
<meta property="og:description" content="Der Como ist ein leichter Campingstuhl mit robustem Aluminiumgestell, schnell trocknender Polsterung, wasser- und UV-beständig. Ideal im Camper!" />
<meta property="og:url" content="https://ahorn-camp.de/es/product/silla-como-beige/" />
<meta property="og:site_name" content="Ahorn Camp | Reisemobile und Kastenwagen" />
<meta property="article:publisher" content="https://www.facebook.com/ahorn.wohnmobile/" />
<meta property="article:modified_time" content="2024-11-15T14:51:00+00:00" />
<meta property="og:image" content="https://ahorn-camp.de/wp-content/uploads/2024/07/2130480F-02_medium.png" />
	<meta property="og:image:width" content="600" />
	<meta property="og:image:height" content="600" />
	<meta property="og:image:type" content="image/png" />
<meta name="twitter:card" content="summary_large_image" />
<meta name="twitter:label1" content="Tiempo de lectura" />
	<meta name="twitter:data1" content="1 minuto" />
<script type="application/ld+json" class="yoast-schema-graph">{"@context":"https:\/\/schema.org","@graph":[{"@type":"WebPage","@id":"https:\/\/ahorn-camp.de\/product\/stuhl-como-beige\/","url":"https:\/\/ahorn-camp.de\/product\/stuhl-como-beige\/","name":"Campingsessel Como verstellbar soft beige - Ahorn Camp | Reisemobile und Kastenwagen","isPartOf":{"@id":"https:\/\/ahorn-camp.de\/#website"},"primaryImageOfPage":{"@id":"https:\/\/ahorn-camp.de\/product\/stuhl-como-beige\/#primaryimage"},"image":{"@id":"https:\/\/ahorn-camp.de\/product\/stuhl-como-beige\/#primaryimage"},"thumbnailUrl":"https:\/\/ahorn-camp.de\/wp-content\/uploads\/2024\/07\/2130480F-02_medium.png","datePublished":"2024-07-12T09:36:53+00:00","dateModified":"2024-11-15T14:51:00+00:00","description":"Der Como ist ein leichter Campingstuhl mit robustem Aluminiumgestell, schnell trocknender Polsterung, wasser- und UV-beständig. Ideal im Camper!","breadcrumb":{"@id":"https:\/\/ahorn-camp.de\/product\/stuhl-como-beige\/#breadcrumb"},"inLanguage":"es","potentialAction":[{"@type":"ReadAction","target":["https:\/\/ahorn-camp.de\/product\/stuhl-como-beige\/"]}]},{"@type":"ImageObject","inLanguage":"es","@id":"https:\/\/ahorn-camp.de\/product\/stuhl-como-beige\/#primaryimage","url":"https:\/\/ahorn-camp.de\/wp-content\/uploads\/2024\/07\/2130480F-02_medium.png","contentUrl":"https:\/\/ahorn-camp.de\/wp-content\/uploads\/2024\/07\/2130480F-02_medium.png","width":600,"height":600,"caption":"Campingstuhl Como beige"},{"@type":"BreadcrumbList","@id":"https:\/\/ahorn-camp.de\/product\/stuhl-como-beige\/#breadcrumb","itemListElement":[{"@type":"ListItem","position":1,"name":"Startseite","item":"https:\/\/ahorn-camp.de\/"},{"@type":"ListItem","position":2,"name":"Merchandise-Shop","item":"https:\/\/ahorn-camp.de\/merchandise-shop\/"},{"@type":"ListItem","position":3,"name":"Campingsessel Como verstellbar soft beige"}]},{"@type":"WebSite","@id":"https:\/\/ahorn-camp.de\/#website","url":"https:\/\/ahorn-camp.de\/","name":"Ahorn Camp | Reisemobile und Kastenwagen","description":"Seit über 30 Jahren vermarktet das Familienunternehmen, Ahorn Camp in Speyer, erfolgreich Wohnmobile und Kastenwagen zum besten Preis-Leistungsverhältnis.","publisher":{"@id":"https:\/\/ahorn-camp.de\/#organization"},"potentialAction":[{"@type":"SearchAction","target":{"@type":"EntryPoint","urlTemplate":"https:\/\/ahorn-camp.de\/?s={search_term_string}"},"query-input":{"@type":"PropertyValueSpecification","valueRequired":true,"valueName":"search_term_string"}}],"inLanguage":"es"},{"@type":"Organization","@id":"https:\/\/ahorn-camp.de\/#organization","name":"Ahorn Camp GmbH & Co. KG","url":"https:\/\/ahorn-camp.de\/","logo":{"@type":"ImageObject","inLanguage":"es","@id":"https:\/\/ahorn-camp.de\/#\/schema\/logo\/image\/","url":"https:\/\/ahorn-camp.de\/wp-content\/uploads\/2018\/12\/Ahorn_Logo.jpg","contentUrl":"https:\/\/ahorn-camp.de\/wp-content\/uploads\/2018\/12\/Ahorn_Logo.jpg","width":1437,"height":1000,"caption":"Ahorn Camp GmbH & Co. KG"},"image":{"@id":"https:\/\/ahorn-camp.de\/#\/schema\/logo\/image\/"},"sameAs":["https:\/\/www.facebook.com\/ahorn.wohnmobile\/","https:\/\/www.instagram.com\/ahorn.camp\/","https:\/\/www.youtube.com\/channel\/UCPFbPCts1JJ_A1k9vyH0yOQ"]}]}</script>
<!-- / Yoast SEO plugin. -->

La Der Como es una silla de camping ligera con un robusto marco de aluminio, acolchado de secado rápido, resistente al agua y a los rayos UV. ¡Ideal en la caravana!

Der Como ist ein leichter Campingstuhl mit robustem Aluminiumgestell, schnell trocknender Polsterung, wasser- und UV-beständig. Ideal im Camper!

Desde hace más de 30 años, la empresa familiar, Ahorn Camp en Speyer, comercializa con éxito caravanas y furgonetas camper a la mejor relación calidad-precio.
