{"id":22386,"date":"2024-02-28T10:42:18","date_gmt":"2024-02-28T09:42:18","guid":{"rendered":"https:\/\/ahorn-camp.de\/?post_type=product&#038;p=22386"},"modified":"2024-11-15T15:50:19","modified_gmt":"2024-11-15T14:50:19","slug":"luz-de-marcador-lateral","status":"publish","type":"product","link":"https:\/\/ahorn-camp.de\/es\/product\/seitenmarkierungsleuchte\/","title":{"rendered":"Luz de posici\u00f3n lateral naranja"},"content":{"rendered":"<p>Las luces de posici\u00f3n laterales LED naranjas se adaptan a todas las autocaravanas (series Alaska, Canada, Camp) desde el a\u00f1o modelo 2019 hasta el a\u00f1o modelo 2024.<\/p>","protected":false},"excerpt":{"rendered":"<p>Las luces de posici\u00f3n laterales LED naranjas se adaptan a todas las autocaravanas (series Alaska, Canada, Camp) desde el a\u00f1o modelo 2019 hasta el a\u00f1o modelo 2024.<\/p>","protected":false},"featured_media":22492,"template":"","meta":{"content-type":""},"product_brand":[],"product_cat":[602,604,612],"product_tag":[],"class_list":{"0":"post-22386","1":"product","2":"type-product","3":"status-publish","4":"has-post-thumbnail","6":"product_cat-zubehoer","7":"product_cat-zubehoer-womo","8":"product_cat-zubehoer-womo-teil","9":"product_shipping_class-warenpost","11":"first","12":"instock","13":"taxable","14":"shipping-taxable","15":"purchasable","16":"product-type-simple"},"yoast_head":"<!-- This site is optimized with the Yoast SEO plugin v27.4 - https:\/\/yoast.com\/product\/yoast-seo-wordpress\/ -->\n<title>Seitenmarkierungsleuchte orange - Ahorn Camp | Reisemobile und Kastenwagen<\/title>\n<meta name=\"description\" content=\"Finden Sie hier die orangenen Seitenmarkierungsleuchten ab Baujahr 2019 zum Bestellen direkt von Ahorn in Speyer im Online-Shop!\" \/>\n<meta name=\"robots\" content=\"index, follow, max-snippet:-1, max-image-preview:large, max-video-preview:-1\" \/>\n<link rel=\"canonical\" href=\"https:\/\/ahorn-camp.de\/es\/product\/luz-de-marcador-lateral\/\" \/>\n<meta property=\"og:locale\" content=\"es_ES\" \/>\n<meta property=\"og:type\" content=\"article\" \/>\n<meta property=\"og:title\" content=\"Seitenmarkierungsleuchte orange - Ahorn Camp | Reisemobile und Kastenwagen\" \/>\n<meta property=\"og:description\" content=\"Finden Sie hier die orangenen Seitenmarkierungsleuchten ab Baujahr 2019 zum Bestellen direkt von Ahorn in Speyer im Online-Shop!\" \/>\n<meta property=\"og:url\" content=\"https:\/\/ahorn-camp.de\/es\/product\/luz-de-marcador-lateral\/\" \/>\n<meta property=\"og:site_name\" content=\"Ahorn Camp | Reisemobile und Kastenwagen\" \/>\n<meta property=\"article:publisher\" content=\"https:\/\/www.facebook.com\/ahorn.wohnmobile\/\" \/>\n<meta property=\"article:modified_time\" content=\"2024-11-15T14:50:19+00:00\" \/>\n<meta property=\"og:image\" content=\"https:\/\/ahorn-camp.de\/wp-content\/uploads\/2024\/02\/Seitenmarkierungsleuchte.jpg\" \/>\n\t<meta property=\"og:image:width\" content=\"1000\" \/>\n\t<meta property=\"og:image:height\" content=\"1000\" \/>\n\t<meta property=\"og:image:type\" content=\"image\/jpeg\" \/>\n<meta name=\"twitter:card\" content=\"summary_large_image\" \/>\n<meta name=\"twitter:label1\" content=\"Tiempo de lectura\" \/>\n\t<meta name=\"twitter:data1\" content=\"1 minuto\" \/>\n<script type=\"application\/ld+json\" class=\"yoast-schema-graph\">{\"@context\":\"https:\\\/\\\/schema.org\",\"@graph\":[{\"@type\":\"WebPage\",\"@id\":\"https:\\\/\\\/ahorn-camp.de\\\/product\\\/seitenmarkierungsleuchte\\\/\",\"url\":\"https:\\\/\\\/ahorn-camp.de\\\/product\\\/seitenmarkierungsleuchte\\\/\",\"name\":\"Seitenmarkierungsleuchte orange - Ahorn Camp | Reisemobile und Kastenwagen\",\"isPartOf\":{\"@id\":\"https:\\\/\\\/ahorn-camp.de\\\/#website\"},\"primaryImageOfPage\":{\"@id\":\"https:\\\/\\\/ahorn-camp.de\\\/product\\\/seitenmarkierungsleuchte\\\/#primaryimage\"},\"image\":{\"@id\":\"https:\\\/\\\/ahorn-camp.de\\\/product\\\/seitenmarkierungsleuchte\\\/#primaryimage\"},\"thumbnailUrl\":\"https:\\\/\\\/ahorn-camp.de\\\/wp-content\\\/uploads\\\/2024\\\/02\\\/Seitenmarkierungsleuchte.jpg\",\"datePublished\":\"2024-02-28T09:42:18+00:00\",\"dateModified\":\"2024-11-15T14:50:19+00:00\",\"description\":\"Finden Sie hier die orangenen Seitenmarkierungsleuchten ab Baujahr 2019 zum Bestellen direkt von Ahorn in Speyer im Online-Shop!\",\"breadcrumb\":{\"@id\":\"https:\\\/\\\/ahorn-camp.de\\\/product\\\/seitenmarkierungsleuchte\\\/#breadcrumb\"},\"inLanguage\":\"es\",\"potentialAction\":[{\"@type\":\"ReadAction\",\"target\":[\"https:\\\/\\\/ahorn-camp.de\\\/product\\\/seitenmarkierungsleuchte\\\/\"]}]},{\"@type\":\"ImageObject\",\"inLanguage\":\"es\",\"@id\":\"https:\\\/\\\/ahorn-camp.de\\\/product\\\/seitenmarkierungsleuchte\\\/#primaryimage\",\"url\":\"https:\\\/\\\/ahorn-camp.de\\\/wp-content\\\/uploads\\\/2024\\\/02\\\/Seitenmarkierungsleuchte.jpg\",\"contentUrl\":\"https:\\\/\\\/ahorn-camp.de\\\/wp-content\\\/uploads\\\/2024\\\/02\\\/Seitenmarkierungsleuchte.jpg\",\"width\":1000,\"height\":1000,\"caption\":\"Seitenmarkierungsleuchte f\u00fcr Wohnmobile\"},{\"@type\":\"BreadcrumbList\",\"@id\":\"https:\\\/\\\/ahorn-camp.de\\\/product\\\/seitenmarkierungsleuchte\\\/#breadcrumb\",\"itemListElement\":[{\"@type\":\"ListItem\",\"position\":1,\"name\":\"Startseite\",\"item\":\"https:\\\/\\\/ahorn-camp.de\\\/\"},{\"@type\":\"ListItem\",\"position\":2,\"name\":\"Merchandise-Shop\",\"item\":\"https:\\\/\\\/ahorn-camp.de\\\/merchandise-shop\\\/\"},{\"@type\":\"ListItem\",\"position\":3,\"name\":\"Seitenmarkierungsleuchte orange\"}]},{\"@type\":\"WebSite\",\"@id\":\"https:\\\/\\\/ahorn-camp.de\\\/#website\",\"url\":\"https:\\\/\\\/ahorn-camp.de\\\/\",\"name\":\"Ahorn Camp | Reisemobile und Kastenwagen\",\"description\":\"Seit \u00fcber 30 Jahren vermarktet das Familienunternehmen, Ahorn Camp in Speyer, erfolgreich Wohnmobile und Kastenwagen zum besten Preis-Leistungsverh\u00e4ltnis.\",\"publisher\":{\"@id\":\"https:\\\/\\\/ahorn-camp.de\\\/#organization\"},\"potentialAction\":[{\"@type\":\"SearchAction\",\"target\":{\"@type\":\"EntryPoint\",\"urlTemplate\":\"https:\\\/\\\/ahorn-camp.de\\\/?s={search_term_string}\"},\"query-input\":{\"@type\":\"PropertyValueSpecification\",\"valueRequired\":true,\"valueName\":\"search_term_string\"}}],\"inLanguage\":\"es\"},{\"@type\":\"Organization\",\"@id\":\"https:\\\/\\\/ahorn-camp.de\\\/#organization\",\"name\":\"Ahorn Camp GmbH & Co. KG\",\"url\":\"https:\\\/\\\/ahorn-camp.de\\\/\",\"logo\":{\"@type\":\"ImageObject\",\"inLanguage\":\"es\",\"@id\":\"https:\\\/\\\/ahorn-camp.de\\\/#\\\/schema\\\/logo\\\/image\\\/\",\"url\":\"https:\\\/\\\/ahorn-camp.de\\\/wp-content\\\/uploads\\\/2018\\\/12\\\/Ahorn_Logo.jpg\",\"contentUrl\":\"https:\\\/\\\/ahorn-camp.de\\\/wp-content\\\/uploads\\\/2018\\\/12\\\/Ahorn_Logo.jpg\",\"width\":1437,\"height\":1000,\"caption\":\"Ahorn Camp GmbH & Co. KG\"},\"image\":{\"@id\":\"https:\\\/\\\/ahorn-camp.de\\\/#\\\/schema\\\/logo\\\/image\\\/\"},\"sameAs\":[\"https:\\\/\\\/www.facebook.com\\\/ahorn.wohnmobile\\\/\",\"https:\\\/\\\/www.instagram.com\\\/ahorn.camp\\\/\",\"https:\\\/\\\/www.youtube.com\\\/channel\\\/UCPFbPCts1JJ_A1k9vyH0yOQ\"]}]}<\/script>\n<!-- \/ Yoast SEO plugin. -->","yoast_head_json":{"title":"Luz de posici\u00f3n lateral naranja - Ahorn Camp | Autocaravanas y furgonetas camper","description":"Encuentre aqu\u00ed las luces de marcaci\u00f3n laterales naranjas a partir del a\u00f1o de construcci\u00f3n 2019 para pedir directamente de Ahorn en Speyer en la tienda online.","robots":{"index":"index","follow":"follow","max-snippet":"max-snippet:-1","max-image-preview":"max-image-preview:large","max-video-preview":"max-video-preview:-1"},"canonical":"https:\/\/ahorn-camp.de\/es\/product\/luz-de-marcador-lateral\/","og_locale":"es_ES","og_type":"article","og_title":"Seitenmarkierungsleuchte orange - Ahorn Camp | Reisemobile und Kastenwagen","og_description":"Finden Sie hier die orangenen Seitenmarkierungsleuchten ab Baujahr 2019 zum Bestellen direkt von Ahorn in Speyer im Online-Shop!","og_url":"https:\/\/ahorn-camp.de\/es\/product\/luz-de-marcador-lateral\/","og_site_name":"Ahorn Camp | Reisemobile und Kastenwagen","article_publisher":"https:\/\/www.facebook.com\/ahorn.wohnmobile\/","article_modified_time":"2024-11-15T14:50:19+00:00","og_image":[{"width":1000,"height":1000,"url":"https:\/\/ahorn-camp.de\/wp-content\/uploads\/2024\/02\/Seitenmarkierungsleuchte.jpg","type":"image\/jpeg"}],"twitter_card":"summary_large_image","twitter_misc":{"Tiempo de lectura":"1 minuto"},"schema":{"@context":"https:\/\/schema.org","@graph":[{"@type":"WebPage","@id":"https:\/\/ahorn-camp.de\/product\/seitenmarkierungsleuchte\/","url":"https:\/\/ahorn-camp.de\/product\/seitenmarkierungsleuchte\/","name":"Luz de posici\u00f3n lateral naranja - Ahorn Camp | Autocaravanas y furgonetas camper","isPartOf":{"@id":"https:\/\/ahorn-camp.de\/#website"},"primaryImageOfPage":{"@id":"https:\/\/ahorn-camp.de\/product\/seitenmarkierungsleuchte\/#primaryimage"},"image":{"@id":"https:\/\/ahorn-camp.de\/product\/seitenmarkierungsleuchte\/#primaryimage"},"thumbnailUrl":"https:\/\/ahorn-camp.de\/wp-content\/uploads\/2024\/02\/Seitenmarkierungsleuchte.jpg","datePublished":"2024-02-28T09:42:18+00:00","dateModified":"2024-11-15T14:50:19+00:00","description":"Encuentre aqu\u00ed las luces de marcaci\u00f3n laterales naranjas a partir del a\u00f1o de construcci\u00f3n 2019 para pedir directamente de Ahorn en Speyer en la tienda online.","breadcrumb":{"@id":"https:\/\/ahorn-camp.de\/product\/seitenmarkierungsleuchte\/#breadcrumb"},"inLanguage":"es","potentialAction":[{"@type":"ReadAction","target":["https:\/\/ahorn-camp.de\/product\/seitenmarkierungsleuchte\/"]}]},{"@type":"ImageObject","inLanguage":"es","@id":"https:\/\/ahorn-camp.de\/product\/seitenmarkierungsleuchte\/#primaryimage","url":"https:\/\/ahorn-camp.de\/wp-content\/uploads\/2024\/02\/Seitenmarkierungsleuchte.jpg","contentUrl":"https:\/\/ahorn-camp.de\/wp-content\/uploads\/2024\/02\/Seitenmarkierungsleuchte.jpg","width":1000,"height":1000,"caption":"Seitenmarkierungsleuchte f\u00fcr Wohnmobile"},{"@type":"BreadcrumbList","@id":"https:\/\/ahorn-camp.de\/product\/seitenmarkierungsleuchte\/#breadcrumb","itemListElement":[{"@type":"ListItem","position":1,"name":"Startseite","item":"https:\/\/ahorn-camp.de\/"},{"@type":"ListItem","position":2,"name":"Merchandise-Shop","item":"https:\/\/ahorn-camp.de\/merchandise-shop\/"},{"@type":"ListItem","position":3,"name":"Seitenmarkierungsleuchte orange"}]},{"@type":"WebSite","@id":"https:\/\/ahorn-camp.de\/#website","url":"https:\/\/ahorn-camp.de\/","name":"Ahorn Camp | Autocaravanas y furgonetas camper","description":"Desde hace m\u00e1s de 30 a\u00f1os, la empresa familiar, Ahorn Camp en Speyer, comercializa con \u00e9xito caravanas y furgonetas camper a la mejor relaci\u00f3n calidad-precio.","publisher":{"@id":"https:\/\/ahorn-camp.de\/#organization"},"potentialAction":[{"@type":"SearchAction","target":{"@type":"EntryPoint","urlTemplate":"https:\/\/ahorn-camp.de\/?s={search_term_string}"},"query-input":{"@type":"PropertyValueSpecification","valueRequired":true,"valueName":"search_term_string"}}],"inLanguage":"es"},{"@type":"Organization","@id":"https:\/\/ahorn-camp.de\/#organization","name":"Ahorn Camp GmbH &amp; Co. KG","url":"https:\/\/ahorn-camp.de\/","logo":{"@type":"ImageObject","inLanguage":"es","@id":"https:\/\/ahorn-camp.de\/#\/schema\/logo\/image\/","url":"https:\/\/ahorn-camp.de\/wp-content\/uploads\/2018\/12\/Ahorn_Logo.jpg","contentUrl":"https:\/\/ahorn-camp.de\/wp-content\/uploads\/2018\/12\/Ahorn_Logo.jpg","width":1437,"height":1000,"caption":"Ahorn Camp GmbH & Co. KG"},"image":{"@id":"https:\/\/ahorn-camp.de\/#\/schema\/logo\/image\/"},"sameAs":["https:\/\/www.facebook.com\/ahorn.wohnmobile\/","https:\/\/www.instagram.com\/ahorn.camp\/","https:\/\/www.youtube.com\/channel\/UCPFbPCts1JJ_A1k9vyH0yOQ"]}]}},"_links":{"self":[{"href":"https:\/\/ahorn-camp.de\/es\/wp-json\/wp\/v2\/product\/22386","targetHints":{"allow":["GET"]}}],"collection":[{"href":"https:\/\/ahorn-camp.de\/es\/wp-json\/wp\/v2\/product"}],"about":[{"href":"https:\/\/ahorn-camp.de\/es\/wp-json\/wp\/v2\/types\/product"}],"wp:featuredmedia":[{"embeddable":true,"href":"https:\/\/ahorn-camp.de\/es\/wp-json\/wp\/v2\/media\/22492"}],"wp:attachment":[{"href":"https:\/\/ahorn-camp.de\/es\/wp-json\/wp\/v2\/media?parent=22386"}],"wp:term":[{"taxonomy":"product_brand","embeddable":true,"href":"https:\/\/ahorn-camp.de\/es\/wp-json\/wp\/v2\/product_brand?post=22386"},{"taxonomy":"product_cat","embeddable":true,"href":"https:\/\/ahorn-camp.de\/es\/wp-json\/wp\/v2\/product_cat?post=22386"},{"taxonomy":"product_tag","embeddable":true,"href":"https:\/\/ahorn-camp.de\/es\/wp-json\/wp\/v2\/product_tag?post=22386"}],"curies":[{"name":"wp","href":"https:\/\/api.w.org\/{rel}","templated":true}]}}

Luz de posición lateral naranja

<p>Las luces de posición laterales LED naranjas se adaptan a todas las autocaravanas (series Alaska, Canada, Camp) desde el año modelo 2019 hasta el año modelo 2024.</p>

<!-- This site is optimized with the Yoast SEO plugin v27.4 - https://yoast.com/product/yoast-seo-wordpress/ -->
<title>Seitenmarkierungsleuchte orange - Ahorn Camp | Reisemobile und Kastenwagen</title>
<meta name="description" content="Finden Sie hier die orangenen Seitenmarkierungsleuchten ab Baujahr 2019 zum Bestellen direkt von Ahorn in Speyer im Online-Shop!" />
<meta name="robots" content="index, follow, max-snippet:-1, max-image-preview:large, max-video-preview:-1" />
<link rel="canonical" href="https://ahorn-camp.de/es/product/luz-de-marcador-lateral/" />
<meta property="og:locale" content="es_ES" />
<meta property="og:type" content="article" />
<meta property="og:title" content="Seitenmarkierungsleuchte orange - Ahorn Camp | Reisemobile und Kastenwagen" />
<meta property="og:description" content="Finden Sie hier die orangenen Seitenmarkierungsleuchten ab Baujahr 2019 zum Bestellen direkt von Ahorn in Speyer im Online-Shop!" />
<meta property="og:url" content="https://ahorn-camp.de/es/product/luz-de-marcador-lateral/" />
<meta property="og:site_name" content="Ahorn Camp | Reisemobile und Kastenwagen" />
<meta property="article:publisher" content="https://www.facebook.com/ahorn.wohnmobile/" />
<meta property="article:modified_time" content="2024-11-15T14:50:19+00:00" />
<meta property="og:image" content="https://ahorn-camp.de/wp-content/uploads/2024/02/Seitenmarkierungsleuchte.jpg" />
	<meta property="og:image:width" content="1000" />
	<meta property="og:image:height" content="1000" />
	<meta property="og:image:type" content="image/jpeg" />
<meta name="twitter:card" content="summary_large_image" />
<meta name="twitter:label1" content="Tiempo de lectura" />
	<meta name="twitter:data1" content="1 minuto" />
<script type="application/ld+json" class="yoast-schema-graph">{"@context":"https:\/\/schema.org","@graph":[{"@type":"WebPage","@id":"https:\/\/ahorn-camp.de\/product\/seitenmarkierungsleuchte\/","url":"https:\/\/ahorn-camp.de\/product\/seitenmarkierungsleuchte\/","name":"Seitenmarkierungsleuchte orange - Ahorn Camp | Reisemobile und Kastenwagen","isPartOf":{"@id":"https:\/\/ahorn-camp.de\/#website"},"primaryImageOfPage":{"@id":"https:\/\/ahorn-camp.de\/product\/seitenmarkierungsleuchte\/#primaryimage"},"image":{"@id":"https:\/\/ahorn-camp.de\/product\/seitenmarkierungsleuchte\/#primaryimage"},"thumbnailUrl":"https:\/\/ahorn-camp.de\/wp-content\/uploads\/2024\/02\/Seitenmarkierungsleuchte.jpg","datePublished":"2024-02-28T09:42:18+00:00","dateModified":"2024-11-15T14:50:19+00:00","description":"Finden Sie hier die orangenen Seitenmarkierungsleuchten ab Baujahr 2019 zum Bestellen direkt von Ahorn in Speyer im Online-Shop!","breadcrumb":{"@id":"https:\/\/ahorn-camp.de\/product\/seitenmarkierungsleuchte\/#breadcrumb"},"inLanguage":"es","potentialAction":[{"@type":"ReadAction","target":["https:\/\/ahorn-camp.de\/product\/seitenmarkierungsleuchte\/"]}]},{"@type":"ImageObject","inLanguage":"es","@id":"https:\/\/ahorn-camp.de\/product\/seitenmarkierungsleuchte\/#primaryimage","url":"https:\/\/ahorn-camp.de\/wp-content\/uploads\/2024\/02\/Seitenmarkierungsleuchte.jpg","contentUrl":"https:\/\/ahorn-camp.de\/wp-content\/uploads\/2024\/02\/Seitenmarkierungsleuchte.jpg","width":1000,"height":1000,"caption":"Seitenmarkierungsleuchte für Wohnmobile"},{"@type":"BreadcrumbList","@id":"https:\/\/ahorn-camp.de\/product\/seitenmarkierungsleuchte\/#breadcrumb","itemListElement":[{"@type":"ListItem","position":1,"name":"Startseite","item":"https:\/\/ahorn-camp.de\/"},{"@type":"ListItem","position":2,"name":"Merchandise-Shop","item":"https:\/\/ahorn-camp.de\/merchandise-shop\/"},{"@type":"ListItem","position":3,"name":"Seitenmarkierungsleuchte orange"}]},{"@type":"WebSite","@id":"https:\/\/ahorn-camp.de\/#website","url":"https:\/\/ahorn-camp.de\/","name":"Ahorn Camp | Reisemobile und Kastenwagen","description":"Seit über 30 Jahren vermarktet das Familienunternehmen, Ahorn Camp in Speyer, erfolgreich Wohnmobile und Kastenwagen zum besten Preis-Leistungsverhältnis.","publisher":{"@id":"https:\/\/ahorn-camp.de\/#organization"},"potentialAction":[{"@type":"SearchAction","target":{"@type":"EntryPoint","urlTemplate":"https:\/\/ahorn-camp.de\/?s={search_term_string}"},"query-input":{"@type":"PropertyValueSpecification","valueRequired":true,"valueName":"search_term_string"}}],"inLanguage":"es"},{"@type":"Organization","@id":"https:\/\/ahorn-camp.de\/#organization","name":"Ahorn Camp GmbH & Co. KG","url":"https:\/\/ahorn-camp.de\/","logo":{"@type":"ImageObject","inLanguage":"es","@id":"https:\/\/ahorn-camp.de\/#\/schema\/logo\/image\/","url":"https:\/\/ahorn-camp.de\/wp-content\/uploads\/2018\/12\/Ahorn_Logo.jpg","contentUrl":"https:\/\/ahorn-camp.de\/wp-content\/uploads\/2018\/12\/Ahorn_Logo.jpg","width":1437,"height":1000,"caption":"Ahorn Camp GmbH & Co. KG"},"image":{"@id":"https:\/\/ahorn-camp.de\/#\/schema\/logo\/image\/"},"sameAs":["https:\/\/www.facebook.com\/ahorn.wohnmobile\/","https:\/\/www.instagram.com\/ahorn.camp\/","https:\/\/www.youtube.com\/channel\/UCPFbPCts1JJ_A1k9vyH0yOQ"]}]}</script>
<!-- / Yoast SEO plugin. -->

Luz de posición lateral naranja - Ahorn Camp | Autocaravanas y furgonetas camper

Encuentre aquí las luces de marcación laterales naranjas a partir del año de construcción 2019 para pedir directamente de Ahorn en Speyer en la tienda online.

Seitenmarkierungsleuchte für Wohnmobile

Desde hace más de 30 años, la empresa familiar, Ahorn Camp en Speyer, comercializa con éxito caravanas y furgonetas camper a la mejor relación calidad-precio.
